he highest common divisor of 80240 and 118?
118
What is the highest common factor of 118090 and 14?
14
What is the greatest common factor of 12 and 107188?
4
Calculate the greatest common factor of 1614638 and 3474.
386
What is the highest common factor of 129 and 28853?
43
Calculate the greatest common divisor of 58862 and 1304258.
3098
What is the highest common divisor of 552 and 168544?
184
Calculate the greatest common factor of 72333 and 70281.
513
What is the highest common factor of 414875 and 125?
125
Calculate the highest common divisor of 4223 and 205.
41
Calculate the highest common factor of 20412 and 1876.
28
Calculate the greatest common factor of 119 and 3757.
17
What is the greatest common factor of 2300 and 3956?
92
What is the greatest common divisor of 302359 and 137?
137
What is the greatest common divisor of 2117 and 116?
29
What is the greatest common factor of 63585 and 9855?
135
Calculate the highest common divisor of 12744 and 270.
54
What is the greatest common factor of 88 and 14641?
11
Calculate the highest common factor of 20385 and 3105.
135
Calculate the highest common factor of 52703 and 406.
7
What is the highest common divisor of 21392 and 7280?
112
Calculate the highest common divisor of 35296 and 12.
4
What is the highest common divisor of 114 and 727206?
114
Calculate the greatest common factor of 6845 and 730.
5
Calculate the highest common factor of 16616 and 248.
248
What is the greatest common factor of 72 and 421704?
72
What is the highest common divisor of 195 and 144768?
39
What is the highest common divisor of 354 and 3803022?
354
What is the highest common divisor of 1956 and 78?
6
What is the highest common factor of 31 and 87110?
31
What is the greatest common factor of 1156 and 3376387?
289
Calculate the highest common factor of 3 and 706836.
3
Calculate the highest common divisor of 184 and 9544.
8
What is the greatest common divisor of 13440 and 156?
12
What is the highest common factor of 141 and 106690?
47
Calculate the greatest common factor of 114699 and 34.
17
What is the highest common factor of 17 and 813?
1
Calculate the highest common divisor of 135 and 2045.
5
Calculate the greatest common divisor of 12 and 123258.
6
What is the greatest common divisor of 116 and 3522514?
58
What is the highest common divisor of 135 and 11097?
27
What is the greatest common factor of 24486 and 726?
66
Calculate the greatest common factor of 341 and 58993.
341
What is the highest common divisor of 8617 and 35?
7
What is the greatest common divisor of 1330 and 315?
35
Calculate the greatest common divisor of 60 and 69220.
20
Calculate the highest common divisor of 10276 and 356724.
1468
What is the greatest common factor of 190991 and 303?
101
Calculate the greatest common divisor of 11 and 263681.
11
Calculate the greatest common divisor of 6794 and 516.
86
What is the greatest common factor of 1205573 and 167?
167
Calculate the highest common factor of 22464 and 85696.
832
Calculate the highest common divisor of 77 and 123365.
11
Calculate the highest common divisor of 24759 and 11397.
393
What is the highest common factor of 3376 and 8391048?
1688
Calculate the greatest common divisor of 8381 and 493.
493
What is the highest common factor of 20578458 and 58?
58
What is the highest common divisor of 78 and 103858?
2
What is the greatest common factor of 294 and 1319521?
49
Calculate the highest common divisor of 138 and 220478.
46
What is the greatest common factor of 43398 and 882?
18
Calculate the highest common divisor of 16763 and 2.
1
What is the highest common divisor of 67 and 77251?
67
What is the highest common factor of 687739 and 13?
13
What is the highest common divisor of 210234 and 1554?
222
Calculate the greatest common factor of 79136 and 864.
32
What is the greatest common divisor of 973 and 13?
1
Calculate the highest common divisor of 125970 and 234.
78
What is the greatest common divisor of 202 and 2714577?
101
Calculate the greatest common divisor of 10537 and 359286.
257
Calculate the greatest common factor of 704750 and 250.
250
What is the highest common factor of 3362 and 17630?
82
Calculate the greatest common divisor of 138285 and 35.
35
What is the greatest common factor of 230 and 418255?
115
What is the highest common divisor of 295 and 3865385?
295
Calculate the greatest common factor of 206200 and 2000.
200
What is the highest common divisor of 140 and 225778?
14
What is the highest common divisor of 323 and 39007?
19
Calculate the highest common divisor of 581712 and 48.
48
Calculate the greatest common divisor of 3366 and 643467.
561
What is the highest common factor of 175525 and 1190?
595
What is the greatest common divisor of 188717 and 289?
289
Calculate the greatest common factor of 58 and 322.
2
Calculate the highest common divisor of 113152 and 442.
442
Calculate the highest common factor of 216 and 6588.
108
What is the highest common factor of 110 and 4519240?
110
What is the greatest common factor of 11858 and 784?
98
Calculate the greatest common divisor of 7 and 12413443.
7
Calculate the greatest common factor of 24 and 148416.
24
What is the greatest common divisor of 196 and 513884?
28
Calculate the highest common divisor of 70835 and 310.
155
Calculate the highest common factor of 44 and 926.
2
What is the greatest common divisor of 37472 and 64?
32
Calculate the greatest common factor of 595 and 6265.
35
Calculate the greatest common divisor of 390432 and 1344.
672
What is the greatest common divisor of 126 and 190566?
18
Calculate the greatest common factor of 4 and 27520.
4
Calculate the highest common factor of 26 and 495417.
13
What is the highest common factor of 1600 and 604400?
400
Calculate the highest common factor of 116 and 553262.
58
What is the greatest common factor of 1135 and 3814735?
1135
Calculate the highest common divisor of 8787 and 609.
87
What is the greatest common factor of 176908 and 188?
188
What is the greatest common divisor of 93822 and 114?
114
What is the greatest common factor of 3232 and 59104?
32
Calculate the greatest common divisor of 496368 and 5184.
1296
Calculate the highest common divisor of 979 and 319.
11
What is the greatest common factor of 22932 and 83304?
468
What is the highest common divisor of 1060896 and 257?
257
Calculate the highest common factor of 31031 and 539.
77
Calculate the highest common factor of 143 and 22517.
11
What is the greatest common factor of 20 and 34280?
20
Calculate the highest common factor of 9 and 2242.
1
What is the highest common factor of 347103 and 18?
9
What is the highest common factor of 1727914 and 34?
34
What is the greatest common divisor of 390 and 5720?
130
Calculate the greatest common divisor of 12750 and 221340.
510
What is the greatest common factor of 1210 and 108295?
605
What is the greatest common factor of 23 and 232714?
23
Calculate the greatest common factor of 51793 and 2869.
151
What is the greatest common divisor of 21892 and 39?
13
Calculate the highest common divisor of 24 and 7238460.
12
What is the greatest common factor of 76 and 7600?
76
What is the highest common factor of 407 and 14208?
37
What is the greatest common factor of 50 and 3345?
5
Calculate the greatest common divisor of 33 and 158169.
33
What is the highest common divisor of 412209 and 126?
63
Calculate the highest common divisor of 45 and 711.
9
Calculate the greatest common factor of 48114 and 13662.
594
What is the greatest common divisor of 96 and 4160?
32
What is the greatest common divisor of 19671 and 14931?
237
What is the highest common factor of 200 and 1675?
25
Calculate the greatest common factor of 339698 and 62.
62
Calculate the greatest common divisor of 72 and 676.
4
What is the highest common factor of 178694 and 5703?
1901
What is the highest common factor of 38 and 714628?
38
Calculate the greatest common factor of 26418 and 119.
119
What is the greatest common divisor of 320 and 157840?
80
What is the greatest common divisor of 3985365 and 470?
235
Calculate the greatest common divisor of 667 and 3450391.
667
What is the highest common factor of 267000 and 12?
12
Calculate the greatest common factor of 1560 and 555.
15
What is the highest common divisor of